me factors of g?
2, 3
Suppose 10*q - 231 = 3*q. What are the prime factors of q?
3, 11
Let b = 6 - -71. List the prime factors of b.
7, 11
List the prime factors of 40/(-6)*-15 + -3.
97
Let y(w) = 2*w - 8. Let u be y(-5). Let j = 29 + u. List the prime factors of j.
11
Suppose -7*j + 5*j + 44 = 0. List the prime factors of j.
2, 11
Let b = 226 + -144. What are the prime factors of b?
2, 41
Suppose -686 = -15*g + 8*g. What are the prime factors of g?
2, 7
Let l(m) = -m**2 - 16*m + 41. What are the prime factors of l(-15)?
2, 7
Let w(v) = v**3 + 9*v**2 + 9*v + 6. Let r = 16 - 23. Let c be w(r). Suppose -g + 5*d + c = g, 2*d = -g + 7. What are the prime factors of g?
13
Let y(c) = c**3 - 4*c**2 - 7*c + 7. Suppose -h = -4*g + 24, 4*g + h = 3*h + 28. Let b be y(g). What are the prime factors of b/9 - (-16)/3?
5
Suppose -2 = -g - 5*k, 4 = 4*g - 2*g + k. Suppose 4*l - 6 = 3*n, -g*l + 10 = -4*n - n. Suppose l*j = -2*j, m = j + 8. What are the prime factors of m?
2
Suppose 2*g - 4*g + 202 = 4*h, 0 = -4*h - 3*g + 207. Let f = h + -68. List the prime factors of (f/(-16))/(2/8).
5
Suppose -4*p = -118 - 254. What are the prime factors of p?
3, 31
Suppose 12*z - 158 = 10*z. What are the prime factors of z?
79
Let k = 1 - -1. Let v = 3 - k. What are the prime factors of (-15)/(-1 + -1 + v)?
3, 5
Let q(t) = 6*t**2 - 1 + 3*t + t**3 - 1 - 2. Let c be q(-5). Suppose 0*z + c = 3*z. What are the prime factors of z?
2
Suppose -3*y + 12 = -60. Suppose -y = 2*d - 6*d. What are the prime factors of d?
2, 3
Suppose 11*i = 6*i + 285. Let f = i - 9. What are the prime factors of f?
2, 3
Let m = 6 + 36. What are the prime factors of m?
2, 3, 7
Let m = -38 - -2. What are the prime factors of ((-24)/m)/(2/18)?
2, 3
Let m(z) = -1 + z**2 + 2*z**2 - 4*z**2 + 3*z + 2*z**2. What are the prime factors of m(4)?
3
Let d(q) = q**2 - 1. Let h(a) = 3*a**2 - a - 2. Let s(o) = -4*d(o) + h(o). List the prime factors of s(0).
2
Suppose -4*q - 4 = -5*q. Suppose -4*t + 2*r = 6*r, -2*r - 18 = -q*t. List the prime factors of t.
3
Let b = -24 - -95. What are the prime factors of b?
71
Suppose k + 66 + 2 = 0. Let x = k + 96. What are the prime factors of x?
2, 7
Let m(u) = -2*u**2 + 32*u + 15. What are the prime factors of m(15)?
3, 5
Let a = -18 - -28. Let w be (-42)/(-10) - 2/a. Suppose 3*i = -3*p + 3, 0*p - 3*i + 8 = w*p. What are the prime factors of p?
5
Suppose -487 = -4*q + 2*b + 119, -3*q - 2*b + 472 = 0. List the prime factors of q.
2, 7, 11
Suppose f = -3 + 4. What are the prime factors of (-3 + f)/2 - -18?
17
Let t(x) = -x**3 + 12*x**2 + 13*x + 13. List the prime factors of t(13).
13
Let k(z) = -z**2 - 4*z. Let q be k(-4). Suppose 4*i = l + 3*i - 20, -5*l + 3*i + 100 = 0. Suppose -5*a + l + 40 = q. List the prime factors of a.
2, 3
Let w = 7 + -7. Suppose -2*i + 4*k + 26 = 0, -k - 14 = -2*i - w*k. Suppose -t + 3*u = 5, 2*t + 4*u = 5*t - i. What are the prime factors of t?
7
Let m(u) = u**2 + 13*u + 8. What are the prime factors of m(-14)?
2, 11
Let g(d) = -d + 7. Let c be g(7). Suppose q + c*q - 20 = -5*w, -11 = 3*w - 4*q. What are the prime factors of w?
3
Suppose 4*k = -13 + 33. Suppose -k*a = 3*l - 35 - 20, -2*l - 4*a = -38. List the prime factors of l.
3, 5
Suppose d = -2*v + 36, -73 - 80 = -3*d + 3*v. What are the prime factors of d?
2, 23
Suppose 4*n - 198 = -5*n. What are the prime factors of n?
2, 11
Suppose -4*s + 35 = s. Suppose -q + s = -10. List the prime factors of q.
17
Let j(t) = 8*t**2 + 12*t + 11. What are the prime factors of j(-5)?
151
Suppose y - 5*r - 64 = 96, -616 = -4*y - 4*r. List the prime factors of y.
5, 31
Let t(v) = -v**3 - 5*v**2 + 6*v + 2. Let r be t(-6). Let p be 3/2*160/30. Let x = p + r. What are the prime factors of x?
2, 5
Suppose 8 = 5*n + 4*v - 12, 0 = 3*v - 15. List the prime factors of 13 - (0 + 1 - n).
2, 3
Let n(w) = -19*w**2 - w + 5. Let i(j) = 18*j**2 + j - 4. Let z(s) = 5*i(s) + 4*n(s). What are the prime factors of z(-1)?
13
Suppose 2*s + 281 - 909 = 0. What are the prime factors of s?
2, 157
Let b(n) = 2*n**3 - n + 1. Let h be b(1). Suppose 0 = -x + h*x - 2. What are the prime factors of x?
2
Suppose -3*g = -5*u - 14, 0*g - 5*g + 3*u + 18 = 0. Suppose 4*o + 5*p - 66 = 0, -5*o + g*p + 60 = -2*p. List the prime factors of o.
2, 7
Suppose 41 + 8 = u - w, 277 = 5*u + 3*w. What are the prime factors of u?
53
Suppose 1 = -y - 5*k - 15, 0 = 3*y - 5*k - 32. Suppose 0 = -5*q + 3*f + 14, y*q - 5*f + 3 = 9. What are the prime factors of q?
2
Suppose 2*l - 18 + 0 = 0. What are the prime factors of l?
3
List the prime factors of -6*(3/1 + -14).
2, 3, 11
Suppose 2*j - 3*j + 5 = 0. Suppose -x = -4*n + 8, n - 13 = -j*x + 10. Suppose -2*s = -x*s + 30. List the prime factors of s.
3, 5
Let o = 16 - 8. Let c = -12 - -6. Let j = c + o. What are the prime factors of j?
2
Suppose 3*f = -4*b - 17, 3*f - 2*f = 2*b + 11. Suppose f = -4*a - 15, -4*u = -4*a - 84. What are the prime factors of u?
17
Let l(m) be the first derivative of m**4/4 + m**3/3 + m**2/2 + 30*m - 4. List the prime factors of l(0).
2, 3, 5
Let p(g) = -g**3 - 6*g**2 + 2*g + 8. Let c be p(-6). Let d = c - -4. Suppose 60 = -d*m + 5*m. List the prime factors of m.
2, 3
Let y(p) = 1 + p + 4 + 0. Suppose -o - 8 = -3*o. List the prime factors of y(o).
3
Suppose -5*t + 5*u = -65, 4*t - 15 = 3*u + 40. Suppose 4*h + 2 - 11 = -3*j, -5*h = -j - t. Suppose -k = -2*k + h. List the prime factors of k.
3
Let v(z) = -z**2 - z + 4. Let s be v(-4). Let g = s - -6. What are the prime factors of g/(-3) - 20/(-15)?
2
Suppose 0*r = -2*z - 5*r - 39, -31 = 3*z + 2*r. Let a = z + 11. Suppose 67 = 5*c + 2*t + 7, 4*t + 48 = a*c. What are the prime factors of c?
2, 3
Let r = -23 + 28. What are the prime factors of r?
5
Let p be (139/3)/((-4)/(-12)). Suppose -3*w = 2*s - 57 + 4, 0 = -5*s - w + p. What are the prime factors of s?
2, 7
Suppose -5*p + 23 = -122. Let m be p + (0 - (-1 + 4)). Suppose 22 = 4*c - b, -2*c - 4*b + m = c. What are the prime factors of c?
2, 3
Let f = 50 - 85. List the prime factors of f/(-20) + (-2)/(-8).
2
Suppose 0 = -r - r. Suppose -g + 11 + 35 = r. List the prime factors of g.
2, 23
Suppose -t + 5*p = 24, -p - 3*p + 17 = -3*t. List the prime factors of t*((3 - -10) + 0).
13
Suppose 0 = -v + 7 - 2. Suppose 0 = 5*a - v - 5. List the prime factors of a.
2
Suppose -13 = p - 4. Let n = -7 - p. Let g(w) = w**3 - w**2 + 2*w - 1. List the prime factors of g(n).
7
Let q be (1 + -1)/(19 - 17). Suppose -5*t = -0*y + 3*y - 216, q = 3*t - 4*y - 118. List the prime factors of t.
2, 3, 7
Let w be (-301)/(-63) + (-4)/(-18). Suppose -2*m + 4*v + 42 = 0, -2*m = 2*m + w*v - 19. What are the prime factors of m?
11
List the prime factors of -1 + 3291/13 - 20/130.
2, 3, 7
Suppose 4*i - 2*m - 3*m + 73 = 0, 2*m = 4*i + 58. Let d = 11 - i. What are the prime factors of d?
23
Let k be (-6)/(-4)*8/12. Let l be (k*-2)/(2/(-5)). What are the prime factors of 14 + (l + 1)/(-3)?
2, 3
Let y be -2 + -1 - (-279)/3. Suppose u = -u + y. List the prime factors of u.
3, 5
Let a = 140 - 95. List the prime factors of a.
3, 5
List the prime factors of (7 + -9)/(2/(-5)).
5
Suppose j = -3*j - 12. Let b be j/(3/(3*-1)). Suppose -2*q = 5*o - 8, -b*o + 4*q + 10 = -0*q. List the prime factors of o.
2
Let f(u) = 3*u - 6. Let n(k) = 4*k + 1. Let c be n(-1). Let r be (-1)/(c/15*1). What are the prime factors of f(r)?
3
Let j(i) = 2*i**2 + 9*i - 7. List the prime factors of j(6).
7, 17
Let j = -1 - -8. Let d(w) = -3*w**3 - 4*w**2 + 6*w - 7. Let a(v) = 4*v**3 + 3*v**2 - 5*v + 7. Let r(t) = 4*a(t) + 5*d(t). What are the prime factors of r(j)?
2, 7
Suppose -90 - 90 = -5*d. List the prime factors of d.
2, 3
List the prime factors of 3264/10 + 14/(-35).
2, 163
Let q(k) = -k**2 - 9*k + 7. Suppose 4*c + 26 = 3*o, -o - 18 = 3*c + c. Suppose 4*x + 38 + 4 = -o*s, -2*x - 9 = -3*s. What are the prime factors of q(x)?
7
Suppose -3*l - 4*j = l - 8, -4*l + 18 = -j. Suppose 2*y - l*y + 12 = 2*p, -2*y - 18 = -4*p. Suppose 1 = p*c - 44. List the prime factors of c.
3
Suppose -27 = -t - 10. List the prime factors of t.
17
Let p be 5 - (4/4 + 1). Suppose p*o + 2*o = 145. List the prime factors of o.
29
Let i = 0 - -18. What are the prime factors of i?
2, 3
Let w(o) = 10*o - 55. What are the prime factors of w(19)?
3, 5
Suppose -q + 3 = -8. Suppose 5*s + 14 = 5*